{"id":20597,"date":"2026-01-22T09:37:17","date_gmt":"2026-01-22T14:37:17","guid":{"rendered":"https:\/\/www.crmath.ca\/page-calendrier\/organizers-2026-poisson\/"},"modified":"2026-01-22T09:46:17","modified_gmt":"2026-01-22T14:46:17","slug":"organizers-2026-formation","status":"publish","type":"page-calendrier","link":"https:\/\/www.crmath.ca\/en\/page-calendrier\/organizers-2026-formation\/","title":{"rendered":"Organizers-2026-Formation"},"content":{"rendered":"<div class=\"fusion-fullwidth fullwidth-box fusion-builder-row-1 fusion-flex-container nonhundred-percent-fullwidth non-hundred-percent-height-scrolling\" style=\"--awb-border-radius-top-left:0px;--awb-border-radius-top-right:0px;--awb-border-radius-bottom-right:0px;--awb-border-radius-bottom-left:0px;--awb-flex-wrap:wrap;\" ><div class=\"fusion-builder-row fusion-row fusion-flex-align-items-flex-start fusion-flex-content-wrap\" style=\"max-width:1420.64px;margin-left: calc(-4% \/ 2 );margin-right: calc(-4% \/ 2 );\"><div class=\"fusion-layout-column fusion_builder_column fusion-builder-column-0 fusion_builder_column_1_1 1_1 fusion-flex-column\" style=\"--awb-bg-size:cover;--awb-width-large:100%;--awb-margin-top-large:0px;--awb-spacing-right-large:1.92%;--awb-margin-bottom-large:0px;--awb-spacing-left-large:1.92%;--awb-width-medium:100%;--awb-order-medium:0;--awb-spacing-right-medium:1.92%;--awb-spacing-left-medium:1.92%;--awb-width-small:100%;--awb-order-small:0;--awb-spacing-right-small:1.92%;--awb-spacing-left-small:1.92%;\"><div class=\"fusion-column-wrapper fusion-column-has-shadow fusion-flex-justify-content-flex-start fusion-content-layout-column\"><div class=\"fusion-text fusion-text-1\"><p><strong>Comit\u00e9 organisateur :<\/strong><\/p>\n<p>Alexandre Bureau (Universit\u00e9 Laval)<br \/>Karim Oualkacha (UQ\u00c0M)<\/p>\n<p><strong>Comit\u00e9 de programmation :<\/strong><\/p>\n<div>Marie-Pierre Dub\u00e9 (Universit\u00e9 de Montr\u00e9al),<\/div>\n<div>Sarah Gagliano Taliun (Universit\u00e9 de Montr\u00e9al)<\/div>\n<div>Marc-Andr\u00e9 Legault (Universit\u00e9 de Montr\u00e9al)<\/div>\n<div>Audrey Grant (Universit\u00e9 McGill)<\/div>\n<\/div><\/div><\/div><\/div><\/div>\n","protected":false},"author":14,"template":"","class_list":["post-20597","page-calendrier","type-page-calendrier","status-publish","hentry"],"_links":{"self":[{"href":"https:\/\/www.crmath.ca\/en\/wp-json\/wp\/v2\/page-calendrier\/20597","targetHints":{"allow":["GET"]}}],"collection":[{"href":"https:\/\/www.crmath.ca\/en\/wp-json\/wp\/v2\/page-calendrier"}],"about":[{"href":"https:\/\/www.crmath.ca\/en\/wp-json\/wp\/v2\/types\/page-calendrier"}],"author":[{"embeddable":true,"href":"https:\/\/www.crmath.ca\/en\/wp-json\/wp\/v2\/users\/14"}],"version-history":[{"count":2,"href":"https:\/\/www.crmath.ca\/en\/wp-json\/wp\/v2\/page-calendrier\/20597\/revisions"}],"predecessor-version":[{"id":20601,"href":"https:\/\/www.crmath.ca\/en\/wp-json\/wp\/v2\/page-calendrier\/20597\/revisions\/20601"}],"wp:attachment":[{"href":"https:\/\/www.crmath.ca\/en\/wp-json\/wp\/v2\/media?parent=20597"}],"curies":[{"name":"wp","href":"https:\/\/api.w.org\/{rel}","templated":true}]}}

<div class="fusion-fullwidth fullwidth-box fusion-builder-row-1 fusion-flex-container nonhundred-percent-fullwidth non-hundred-percent-height-scrolling" style="--awb-border-radius-top-left:0px;--awb-border-radius-top-right:0px;--awb-border-radius-bottom-right:0px;--awb-border-radius-bottom-left:0px;--awb-flex-wrap:wrap;" ><div class="fusion-builder-row fusion-row fusion-flex-align-items-flex-start fusion-flex-content-wrap" style="max-width:1420.64px;margin-left: calc(-4% / 2 );margin-right: calc(-4% / 2 );"><div class="fusion-layout-column fusion_builder_column fusion-builder-column-0 fusion_builder_column_1_1 1_1 fusion-flex-column" style="--awb-bg-size:cover;--awb-width-large:100%;--awb-margin-top-large:0px;--awb-spacing-right-large:1.92%;--awb-margin-bottom-large:0px;--awb-spacing-left-large:1.92%;--awb-width-medium:100%;--awb-order-medium:0;--awb-spacing-right-medium:1.92%;--awb-spacing-left-medium:1.92%;--awb-width-small:100%;--awb-order-small:0;--awb-spacing-right-small:1.92%;--awb-spacing-left-small:1.92%;"><div class="fusion-column-wrapper fusion-column-has-shadow fusion-flex-justify-content-flex-start fusion-content-layout-column"><div class="fusion-text fusion-text-1"><p><strong>Comité organisateur :</strong></p>
<p>Alexandre Bureau (Université Laval)<br />Karim Oualkacha (UQÀM)</p>
<p><strong>Comité de programmation :</strong></p>
<div>Marie-Pierre Dubé (Université de Montréal),</div>
<div>Sarah Gagliano Taliun (Université de Montréal)</div>
<div>Marc-André Legault (Université de Montréal)</div>
<div>Audrey Grant (Université McGill)</div>
</div></div></div></div></div>
