{"id":16008,"date":"2024-11-13T09:06:01","date_gmt":"2024-11-13T14:06:01","guid":{"rendered":"https:\/\/www.crmath.ca\/page-calendrier\/participation-arpim-2025-2\/"},"modified":"2025-05-27T14:19:03","modified_gmt":"2025-05-27T18:19:03","slug":"venue-schedule-arpim-2025","status":"publish","type":"page-calendrier","link":"https:\/\/www.crmath.ca\/en\/page-calendrier\/venue-schedule-arpim-2025\/","title":{"rendered":"Venue and Schedule ARPIM 2025"},"content":{"rendered":"<div class=\"fusion-fullwidth fullwidth-box fusion-builder-row-1 fusion-flex-container nonhundred-percent-fullwidth non-hundred-percent-height-scrolling\" style=\"--awb-border-radius-top-left:0px;--awb-border-radius-top-right:0px;--awb-border-radius-bottom-right:0px;--awb-border-radius-bottom-left:0px;--awb-flex-wrap:wrap;\" ><div class=\"fusion-builder-row fusion-row fusion-flex-align-items-flex-start fusion-flex-content-wrap\" style=\"max-width:1420.64px;margin-left: calc(-4% \/ 2 );margin-right: calc(-4% \/ 2 );\"><div class=\"fusion-layout-column fusion_builder_column fusion-builder-column-0 fusion_builder_column_1_1 1_1 fusion-flex-column\" style=\"--awb-bg-size:cover;--awb-width-large:100%;--awb-margin-top-large:0px;--awb-spacing-right-large:1.92%;--awb-margin-bottom-large:0px;--awb-spacing-left-large:1.92%;--awb-width-medium:100%;--awb-order-medium:0;--awb-spacing-right-medium:1.92%;--awb-spacing-left-medium:1.92%;--awb-width-small:100%;--awb-order-small:0;--awb-spacing-right-small:1.92%;--awb-spacing-left-small:1.92%;\"><div class=\"fusion-column-wrapper fusion-column-has-shadow fusion-flex-justify-content-flex-start fusion-content-layout-column\"><div class=\"fusion-text fusion-text-1\"><p>In 2025 the workshop will be held at the <a href=\"https:\/\/www.hec.ca\/en\/campus\/cote_sainte_catherine\/\" target=\"_blank\" rel=\"noopener\">C\u00f4te-Sainte-Catherine Building<\/a> of HEC Montr\u00e9al, near the Universit\u00e9 de Montr\u00e9al metro station.<\/p>\n<p>Please take a look at the <a href=\"https:\/\/www.crmath.ca\/wp-content\/uploads\/2024\/04\/schedule2024.pdf\">workshop schedule<\/a>.<\/p>\n<p>The workshop will start on Monday, June 2, at 8:30 with registration in the hallway between the room <b>TALGestion globale d\u2019actifs Inc, <\/b> and\u00a0the <b>Aire de travail 1 Financi\u00e8re SunLife<\/b>, on the 1st floor in the <span style=\"background-color: #00ff00;\">green<\/span> section.<\/p>\n<p>The Monday morning and Friday morning plenaries will take place in the room\u00a0<b>TALGestion globale d\u2019actifs Inc,<\/b> and the breakfasts and coffee breaks will be available in the <b>Aire de travail 1 Financi\u00e8re Sun Life<\/b>, adjacent to the rooms Tokyo (<span style=\"background-color: #00ff00;\">green<\/span>) and Fonds Cogeco (<span style=\"background-color: #00ffff;\">blue<\/span>). Lunches will be served at <strong>Le Cercle<\/strong>, on the 6th floor of the building.<\/p>\n<p>The Wine and Cheese Party will be held on Monday night in the <a href=\"https:\/\/www.hec.ca\/campus\/cote_sainte_catherine\/4e_etage\/salles\/salon-des-diplomes-et-diplomees.html\" target=\"_blank\" rel=\"noopener\"><strong>Salon des dipl\u00f4m\u00e9s et dipl\u00f4m\u00e9es<\/strong><\/a>, on the 4th floor, North elevator.<\/p>\n<p><a href=\"https:\/\/www.hec.ca\/en\/campus\/cote_sainte_catherine\/1st_floor\/plan\/plan.html\">1st floor plan \u2013 C\u00f4te-Sainte-Catherine<\/a><\/p>\n<h3>Details:<\/h3>\n<ol style=\"padding-left: 1.2em;\">\n<li style=\"margin-bottom: 1em;\"><strong>Mod\u00e9lisation des \u201cno-show\u201d pour le transport de marchandise (Air Canada Cargo)<\/strong><br \/>\n<em>Room:<\/em> <span style=\"background-color: #00ff00;\">Green<\/span>, Port-au-Prince<br \/>\n<em>Date:<\/em> June 2\u20135, 2025<\/li>\n<li style=\"margin-bottom: 1em;\"><strong>Reconnaissance d\u2019image pour v\u00e9rifier la conformit\u00e9 des ancrages de marchandise (Air Canada Cargo)<\/strong><br \/>\n<em>Room:<\/em> <span style=\"background-color: yellow;\">Yellow<\/span>, MNP<br \/>\n<em>Date: <\/em>June 2\u20135, 2025<\/li>\n<li style=\"margin-bottom: 1em;\"><strong>Mod\u00e9lisation du volume de transactions internationales (Banque Nationale du Canada)<\/strong><br \/>\n<em>Room:<\/em> <span style=\"background-color: #00ff00;\">Green<\/span>, Tokyo<br \/>\n<em>Date:<\/em> June 2\u20135, 2025<\/li>\n<li style=\"margin-bottom: 1em;\"><strong>Caract\u00e9risation de la communaut\u00e9 de recherche en valorisation des donn\u00e9es par l\u2019analyse des collaborations (IVADO)<\/strong><br \/>\n<em>Room:<\/em> <span style=\"background-color: #00ff00;\">Green<\/span>, Labid Aljundi<br \/>\n<em>Date:<\/em> June <strong>2\u20134 juin<\/strong> 2025<br \/>\n<em>Salle:<\/em> <span style=\"background-color: #00ffff;\">Blue<\/span>, Fonds Cogeco<br \/>\n<em>Date:<\/em> <strong>June 5 <\/strong>\u00a02025<\/li>\n<\/ol>\n<\/div><\/div><\/div><\/div><\/div>\n","protected":false},"author":6,"template":"","class_list":["post-16008","page-calendrier","type-page-calendrier","status-publish","hentry"],"_links":{"self":[{"href":"https:\/\/www.crmath.ca\/en\/wp-json\/wp\/v2\/page-calendrier\/16008","targetHints":{"allow":["GET"]}}],"collection":[{"href":"https:\/\/www.crmath.ca\/en\/wp-json\/wp\/v2\/page-calendrier"}],"about":[{"href":"https:\/\/www.crmath.ca\/en\/wp-json\/wp\/v2\/types\/page-calendrier"}],"author":[{"embeddable":true,"href":"https:\/\/www.crmath.ca\/en\/wp-json\/wp\/v2\/users\/6"}],"version-history":[{"count":13,"href":"https:\/\/www.crmath.ca\/en\/wp-json\/wp\/v2\/page-calendrier\/16008\/revisions"}],"predecessor-version":[{"id":17962,"href":"https:\/\/www.crmath.ca\/en\/wp-json\/wp\/v2\/page-calendrier\/16008\/revisions\/17962"}],"wp:attachment":[{"href":"https:\/\/www.crmath.ca\/en\/wp-json\/wp\/v2\/media?parent=16008"}],"curies":[{"name":"wp","href":"https:\/\/api.w.org\/{rel}","templated":true}]}}

<div class="fusion-fullwidth fullwidth-box fusion-builder-row-1 fusion-flex-container nonhundred-percent-fullwidth non-hundred-percent-height-scrolling" style="--awb-border-radius-top-left:0px;--awb-border-radius-top-right:0px;--awb-border-radius-bottom-right:0px;--awb-border-radius-bottom-left:0px;--awb-flex-wrap:wrap;" ><div class="fusion-builder-row fusion-row fusion-flex-align-items-flex-start fusion-flex-content-wrap" style="max-width:1420.64px;margin-left: calc(-4% / 2 );margin-right: calc(-4% / 2 );"><div class="fusion-layout-column fusion_builder_column fusion-builder-column-0 fusion_builder_column_1_1 1_1 fusion-flex-column" style="--awb-bg-size:cover;--awb-width-large:100%;--awb-margin-top-large:0px;--awb-spacing-right-large:1.92%;--awb-margin-bottom-large:0px;--awb-spacing-left-large:1.92%;--awb-width-medium:100%;--awb-order-medium:0;--awb-spacing-right-medium:1.92%;--awb-spacing-left-medium:1.92%;--awb-width-small:100%;--awb-order-small:0;--awb-spacing-right-small:1.92%;--awb-spacing-left-small:1.92%;"><div class="fusion-column-wrapper fusion-column-has-shadow fusion-flex-justify-content-flex-start fusion-content-layout-column"><div class="fusion-text fusion-text-1"><p>In 2025 the workshop will be held at the <a href="https://www.hec.ca/en/campus/cote_sainte_catherine/" target="_blank" rel="noopener">Côte-Sainte-Catherine Building</a> of HEC Montréal, near the Université de Montréal metro station.</p>
<p>Please take a look at the <a href="https://www.crmath.ca/wp-content/uploads/2024/04/schedule2024.pdf">workshop schedule</a>.</p>
<p>The workshop will start on Monday, June 2, at 8:30 with registration in the hallway between the room <b>TALGestion globale d’actifs Inc, </b> and the <b>Aire de travail 1 Financière SunLife</b>, on the 1st floor in the <span style="background-color: #00ff00;">green</span> section.</p>
<p>The Monday morning and Friday morning plenaries will take place in the room <b>TALGestion globale d’actifs Inc,</b> and the breakfasts and coffee breaks will be available in the <b>Aire de travail 1 Financière Sun Life</b>, adjacent to the rooms Tokyo (<span style="background-color: #00ff00;">green</span>) and Fonds Cogeco (<span style="background-color: #00ffff;">blue</span>). Lunches will be served at <strong>Le Cercle</strong>, on the 6th floor of the building.</p>
<p>The Wine and Cheese Party will be held on Monday night in the <a href="https://www.hec.ca/campus/cote_sainte_catherine/4e_etage/salles/salon-des-diplomes-et-diplomees.html" target="_blank" rel="noopener"><strong>Salon des diplômés et diplômées</strong></a>, on the 4th floor, North elevator.</p>
<p><a href="https://www.hec.ca/en/campus/cote_sainte_catherine/1st_floor/plan/plan.html">1st floor plan – Côte-Sainte-Catherine</a></p>
<h3>Details:</h3>
<ol style="padding-left: 1.2em;">
<li style="margin-bottom: 1em;"><strong>Modélisation des “no-show” pour le transport de marchandise (Air Canada Cargo)</strong><br />
<em>Room:</em> <span style="background-color: #00ff00;">Green</span>, Port-au-Prince<br />
<em>Date:</em> June 2–5, 2025</li>
<li style="margin-bottom: 1em;"><strong>Reconnaissance d’image pour vérifier la conformité des ancrages de marchandise (Air Canada Cargo)</strong><br />
<em>Room:</em> <span style="background-color: yellow;">Yellow</span>, MNP<br />
<em>Date: </em>June 2–5, 2025</li>
<li style="margin-bottom: 1em;"><strong>Modélisation du volume de transactions internationales (Banque Nationale du Canada)</strong><br />
<em>Room:</em> <span style="background-color: #00ff00;">Green</span>, Tokyo<br />
<em>Date:</em> June 2–5, 2025</li>
<li style="margin-bottom: 1em;"><strong>Caractérisation de la communauté de recherche en valorisation des données par l’analyse des collaborations (IVADO)</strong><br />
<em>Room:</em> <span style="background-color: #00ff00;">Green</span>, Labid Aljundi<br />
<em>Date:</em> June <strong>2–4 juin</strong> 2025<br />
<em>Salle:</em> <span style="background-color: #00ffff;">Blue</span>, Fonds Cogeco<br />
<em>Date:</em> <strong>June 5 </strong> 2025</li>
</ol>
</div></div></div></div></div>
